 6*k**2 + k + 1. What are the prime factors of b(6)?
7
Suppose -2*s = -4 + 2. Let k(n) = -3 + 1 + 1 + 11*n. List the prime factors of k(s).
2, 5
Suppose -w - 71 = -6*w - 2*u, w - 7 = -4*u. Suppose 0 = 6*x - x - w. What are the prime factors of x?
3
Let b = 15 - 5. Suppose 7*l - b = 6*l. List the prime factors of l.
2, 5
Let f = 21 - 8. Let k = f + -4. Let w(j) = -j**3 + 8*j**2 + 9*j + 2. List the prime factors of w(k).
2
Let m = 125 - -102. List the prime factors of m.
227
Suppose -1617 - 435 = -3*r. Let g be r/15 - (-12)/(-20). Let d = -30 + g. List the prime factors of d.
3, 5
Let m = 797 - 397. What are the prime factors of m?
2, 5
Let u(m) = 2*m + 1. Let q be u(-3). Let o = q - -9. Suppose -2*l + o*a + 20 = 0, 4*a = 2*l + l - 28. What are the prime factors of l?
2
Let c = -4 + 4. Suppose 2*n - 5 - 3 = c. List the prime factors of n.
2
Let v = 10 - 2. Suppose -3*j = 4*n - 0*n - 20, 2*j = v. List the prime factors of n.
2
Let j be -2*3/6 - -5. Suppose 3*v + 4*b = 10, 0 = j*b + b - 5. Suppose v*x = -2*x + 76. What are the prime factors of x?
19
Let m(u) = -6*u**3 + 2*u**2 - 2*u - 2. List the prime factors of m(-3).
2, 23
Let g = 7 - 9. Let i(l) = l**3 + 2*l**2 + 2. List the prime factors of i(g).
2
Suppose -3*g = -4*q - 382, g - q - 160 = -34. What are the prime factors of g?
2, 61
Let q(f) = -f**2 + f + 97. List the prime factors of q(0).
97
Suppose 0 = -25*x + 21*x + 208. What are the prime factors of x?
2, 13
Suppose 0 = -5*v + 2*v - 135. Let y = 87 + v. What are the prime factors of y?
2, 3, 7
Suppose 0 = 3*z + 4*v - 14, -4*z + 2 + 19 = 3*v. List the prime factors of z.
2, 3
Let v = 11 - 6. Suppose -v*w + 47 = -13. List the prime factors of w.
2, 3
Suppose -7 = -2*r - 27. Let a = r - -25. Suppose a + 0 = 3*m. List the prime factors of m.
5
Let g(b) = 176*b**2 + b - 2. What are the prime factors of g(1)?
5, 7
Suppose -5*v + 700 = -490. What are the prime factors of v?
2, 7, 17
Let x be -6*(3/(-9) + -1). What are the prime factors of (15/(-4))/((-3)/x)?
2, 5
Let o(z) = -2*z**3 + z**2 + 9*z. What are the prime factors of o(-4)?
2, 3
Let p(n) = 10*n - 1. Let c be p(5). Suppose 3*w - c = 5*g, 19 = 4*w - 2*g - 37. What are the prime factors of w?
13
Suppose -3*u + 11 = 3*o - u, 0 = o - 3*u. Suppose 0 = -2*g + 5*l - 12, -4*g + 5 = -2*l - o. Let t = -1 + g. List the prime factors of t.
3
Let z be (-3)/(-2 - -5) - -43. Let j = z - 30. List the prime factors of j.
2, 3
Let q = 78 - 38. Suppose -11 = m - 3*z, 2*m + m + q = 2*z. Let n = m - -26. What are the prime factors of n?
2, 3
Let w = -1 + 0. Let x = 2 - w. List the prime factors of x*5*(-6 + 7).
3, 5
Suppose -4*h = 4*g - 88, 5*h + 36 = 3*g + 2. List the prime factors of g.
2, 3
Let i(m) = -7*m + 7. Let p be 6/14 - 144/42. What are the prime factors of i(p)?
2, 7
Let t = 9 + -2. Let b = t + -4. Suppose -5*i = 3*p - 32, 2*i + b - 23 = -3*p. List the prime factors of p.
2
Suppose -5*g = 255 - 645. List the prime factors of g.
2, 3, 13
Let y = -151 + 269. List the prime factors of y.
2, 59
What are the prime factors of ((3/2)/3)/((-5)/(-740))?
2, 37
Let s be (2 - 3)*-2 - 34. Let h = -15 - s. What are the prime factors of h?
17
Let w = -3 - -5. Suppose -w - 2 = -2*n. Let z = 9 - n. List the prime factors of z.
7
Let g = 413 - 244. List the prime factors of g.
13
What are the prime factors of 51*(3 + -1 - (-3 - -4))?
3, 17
Let v be 0*(3/(-3))/(-2). Suppose v = 4*r + 28 + 60. Let j = -16 - r. What are the prime factors of j?
2, 3
Let h = -2 + 2. Suppose 3*o + 0*u + 2*u - 32 = h, -5*o + 2*u = -48. What are the prime factors of o?
2, 5
Suppose -o = 4*o. Suppose 0 = -c + 3 + 13. Suppose r - c = -o*r. What are the prime factors of r?
2
What are the prime factors of (-15)/((-7)/(28/3))?
2, 5
Let b = 9 + -1. Suppose 0 = 3*u + 7 - 58. Let d = u - b. What are the prime factors of d?
3
Let l(h) = h**3 - 3*h**2 + 2*h + 2. Let u be l(2). Let y be u - 0/(-4 + 2). Suppose -y*q + 20 = -q - 3*w, -2*w = 4. What are the prime factors of q?
2, 7
Let f be (-1)/2 - (-18)/4. Suppose 4 = f*v, 3*o = 4*v - 5 + 13. Let p(l) = l**3 - 2*l**2 - 5*l. List the prime factors of p(o).
2, 3
Suppose -7 - 1 = 2*z, -3*f - 10 = 4*z. Let y(o) = -o**3 - 3*o**2 + 3*o + 5. Let j be y(-4). Suppose j = g - f. List the prime factors of g.
11
Suppose 16 + 32 = 4*k. Suppose h + h = k. List the prime factors of h.
2, 3
Let j be 2 + 17 + 1 + -2. Let u = -11 + 2. Let w = j + u. List the prime factors of w.
3
Suppose -2 = 5*a - 77. List the prime factors of a.
3, 5
Let j be 56/35*(-10)/(-4). Suppose -3*c = -j*y - 14, 0 = 5*y - y + 5*c + 30. Let o = y - -26. What are the prime factors of o?
3, 7
Let s(q) = 19*q + 61. Let y(z) = 10*z + 31. Let u(b) = -6*s(b) + 11*y(b). List the prime factors of u(-12).
23
Let k = 175 + -104. What are the prime factors of k?
71
Let m = -4 + 3. Let q(n) = -10*n**3 - n**2 - n. List the prime factors of q(m).
2, 5
Suppose 0 = 6*c + 12 + 18. What are the prime factors of c/1*160/(-25)?
2
Let s(j) = j**3 - 6*j**2 + 4*j - 1. Let x be s(7). Suppose n = -5*q - 1, -5*n + x = 3*q - 5*q. What are the prime factors of n?
2, 7
Let b = 1 - 0. Let g(z) = 3*z**3 + 2*z**2 - 2*z + 1. Let f be g(b). Let h = f - -10. List the prime factors of h.
2, 7
Suppose 8*v - 3*v - 3*u - 489 = 0, 3*v - 3*u - 297 = 0. List the prime factors of v.
2, 3
Suppose -102 = 4*a - 306. List the prime factors of a.
3, 17
Let h(g) be the first derivative of g**4/4 + 2*g**3 + 5*g + 3. Let z be h(-6). Suppose -5*k + 30 = z*v, 5*k = 2*k - 4*v + 16. List the prime factors of k.
2
Let y(i) = 3*i**2 + 3*i + 1. What are the prime factors of y(-4)?
37
Suppose 0 = 2*q + 13*q - 5100. What are the prime factors of q?
2, 5, 17
Suppose -2*z + 0*w = w - 61, -z = -5*w - 25. List the prime factors of z.
2, 3, 5
Let o = -216 - -307. Suppose 4*w - 4*u - 135 = -3, u + o = 3*w. What are the prime factors of w?
29
Let q = -6 - -5. Let v be 4/(-14) + 340/14. List the prime factors of (-1)/((-3)/v) + q.
7
Suppose 2*t + 3*t - 80 = -2*a, 5*t = 5*a - 200. Suppose 9*g - 4*g = a. What are the prime factors of g?
2
Suppose 0 = -2*y + 2*q + 26 + 80, 4*y + 5*q = 221. List the prime factors of y.
2, 3
Suppose 6 = -d - d. Suppose -2*o + 14 = x, 3*x = -5*o + x + 37. Let f = o + d. What are the prime factors of f?
2, 3
Suppose -5*u + 3*a = -327, -248 = -7*u + 3*u - a. Suppose -w - 2*w + u = 0. Suppose 4*b = 3*z + w, 28 = 2*b + 3*z - z. List the prime factors of b.
3
Let y = -17 - -28. Let u = 46 - y. What are the prime factors of u?
5, 7
What are the prime factors of (-3102)/(-9) - 1 - 20/30?
7
Let w = 19 + 25. What are the prime factors of w?
2, 11
Let q = -14 - -46. Let k = q - 1. List the prime factors of k.
31
Suppose -5*l + 2*n = -132, 0*l + 52 = 2*l - n. What are the prime factors of l?
2, 7
Suppose -2*x - 2*x + 40 = 0. Suppose 3*y + 1 = x. Suppose i + 10 = y*i. List the prime factors of i.
5
Let f = -3 + 5. Suppose 0 = 3*a + 12, f*o - 5*a + 2*a = 8. What are the prime factors of (o + 0)*20/(-8)?
5
Suppose -2*m - 3*m = -165. Suppose -3 = -5*n - m. Let x = n + 9. What are the prime factors of x?
3
Let d(s) = s**3 - 5*s**2 - s - 9. List the prime factors of d(6).
3, 7
Suppose -88 = -4*w - g - 3*g, 0 = -w + 4*g + 32. List the prime factors of w.
2, 3
Let d be (-95)/(-35) + (-4)/(-14). Suppose -d*h + 26 = m, -h + 2*m + 6 = m. What are the prime factors of h?
2
Let r(h) = -2*h - 14. Suppose 20 + 20 = -4*l. What are the prime factors of r(l)?
2, 3
Suppose -z = -4*z + 96. List the prime factors of z.
2
Let s be (14/10 - 1)*-20. Suppose b = -2*b + 54. Let c = s + b. What are the prime factors of c?
2, 5
Suppose 2*o + 3 = 4*r - 3*r, 2*r + 3*o = 6. Suppose 4*d - r = 13. Suppose 0*c = 4*c + d*v - 12, -3*v = -c + 15. What are the prime factors of c?
2, 3
Let h = 33 + 31. List the prime factors of h.
2
Let x = 118 - 63. What are the prime factors of x?
5, 11
Let j be 1 + (-2 - -4) + -1. Let f(n) = n. What are the prime factors of f(j)?
2
Let u be -1 - -2 - (0 - 1). Suppose 7 = u*x + 1. Suppose 5*r - 52 = -4*l - 0*r, -x*l - r + 39 = 0. What are the prime factors of l?
13
Let i(v) = v**3 + 3*v**2 - 2*v - 1. Let g be i(-3). Let o(y) = -g*y - y**3 + 7*y**2 + 5 - 1 - 2*y**2. What are the prime factors of o(3)?
7
Suppose 2*m = m - 2. Let q be m/(-4)*(-1 - -1). Suppose 4*f - 3 - 21 = q. List the prime fac